. Is h a prime number?
False
Let o be (-7)/21 + (-6167)/3. Let d = o + 3267. Is d a composite number?
True
Let x = 14 - 10. Suppose 2*k = 2 + x. Suppose -5*l = k*i - 2072, 6*i = l + 2*i - 419. Is l composite?
True
Let d(r) = -182*r + 13. Is d(-2) prime?
False
Let a be (-2)/8 - 1/(-4). Suppose 2*r + z = 525, -4*r + a*z - 4*z + 1048 = 0. Is r prime?
True
Suppose -x = 3*t - 6*x + 47, 0 = 3*t - 3*x + 57. Let u be t/10 - 6/(-15). Is (-1)/(717/(-357) - u) a prime number?
False
Let l = 93 - 91. Suppose 4*y - 1058 = l. Is y a composite number?
True
Let f(g) = 29*g**2 + 25*g - 97. Is f(-24) a composite number?
False
Let w(s) = 554*s**2 - 5*s + 13. Is w(4) a composite number?
True
Is (-1)/5 - 17823/(-65) a prime number?
False
Let y(s) = 3388*s**2 + 9*s + 21. Is y(-4) a composite number?
False
Suppose -2*f + f = -7. Let v = -4 + f. Suppose -5*q = -v*r - 664, q = 4*q + r - 390. Is q a prime number?
True
Let t be (7/4)/(9/36). Is t/((-7)/(-2)) - 1 - -148 a prime number?
True
Suppose 0 = 2*z + u + u - 22, 3*z = -4*u + 34. Let t be 5*-62*(-2)/z. Suppose -r + t = 5*h + 3*r, h - 18 = 2*r. Is h a composite number?
True
Let q = 342296 - 235105. Is q a prime number?
False
Suppose 4*a + 4*b - 23 = a, -a = -b - 3. Suppose u - 5*h - 1065 = -2*u, 4*h = a*u - 1788. Suppose -3*c - w + u = 0, 3 = -0*w + w. Is c a composite number?
True
Suppose 759 = -4*y + 3051. Suppose 3*j + 0*j - y = 0. Is j prime?
True
Let u be (1 + 5)/(-2)*17. Let q = u - -104. Is q prime?
True
Let r be (-8)/6 + (-175350)/18. Let t = r + 17532. Is t a prime number?
True
Let h(i) be the second derivative of 0 + 2*i - 11/6*i**3 + 5/6*i**4 - 1/20*i**5 - 3/2*i**2. Is h(8) composite?
False
Let l = 1322 - 488. Let x = l + -527. Is x prime?
True
Suppose 4753138 = 114*j - 88*j. Is j prime?
True
Let v(x) = 16*x**2 + 11*x - 16. Let q be v(7). Let g = q + -580. Is g a composite number?
True
Let c(p) = p**2 - 5*p + 9. Let g be 4/(-6) + (-207)/(-27). Let m be c(g). Is (-1 + (-8)/(-4))*m a prime number?
True
Let v = -18 + 8. Let l be 5/(-25) - 1112/v. Let h = l - -8. Is h a prime number?
False
Let n(w) = -w**2 - w + 1. Let v(y) = -6 - 4*y + 4*y + 2*y + y - 5*y**2. Let o(h) = -n(h) - v(h). Is o(4) a prime number?
False
Suppose 20*l - 19*l = 4609. Is l composite?
True
Suppose 2*t - 96 = n + 3*n, -t - 5*n + 34 = 0. Let x be -1*7*60/(-14). Let c = t - x. Is c a composite number?
True
Suppose 3 = -3*i, -g + 3*g = 4*i + 4. Let q(u) = u**2 - 2*u + 0 - 1 + g*u. Is q(4) a composite number?
False
Let q be ((-33)/(-9))/(2/(-30)). Let y = -22 - q. Let j = y + -14. Is j prime?
True
Suppose 16 - 18 = -2*b. Let q(m) = -32*m - 347*m + b - 1. Is q(-1) composite?
False
Let d be 0 - (-3)/12*0. Is 42/18*(33 + d) a prime number?
False
Suppose -3*c = -0*c + 15. Let f(p) be the third derivative of -13*p**4/24 - 2*p**3 - 17*p**2. Is f(c) prime?
True
Let b(q) = -8769*q - 10. Is b(-9) a composite number?
True
Is (-2)/(-6)*((4078 - -12) + -7) prime?
True
Let z = 16 - 11. Let w(k) = 56*k - 1. Let x(u) = -56*u + 1. Let r(g) = z*x(g) + 6*w(g). Is r(2) composite?
True
Let b(d) = -801*d - 170. Is b(-9) composite?
False
Let p be 3 - 6 - (-2 - 1)/(-3). Is p/20 - (-1092)/10 prime?
True
Suppose -2*p + 5*o + 41 = 0, -3*p + 5*o + 1 + 58 = 0. Let q = 18 - p. Let k = q - -19. Is k composite?
False
Let f = -175 - -43. Let p = f + 143. Is p composite?
False
Let h = -822 - -485. Is h/((-4)/16 + (-3)/4) a composite number?
False
Let q(c) = -6*c + 2*c**2 + 48 - 21 - 26. Let z be 2*(-2)/(-4) - 7. Is q(z) composite?
False
Suppose 11 = a - 7. Suppose 4*b - 3*w + 3 = a, -2*w - 8 = -2*b. Suppose b*g - 1733 = 784. Is g a prime number?
True
Let d be (-20)/6*(-12)/8. Suppose 2*s = -5*m + 382, -d*s - 313 = -m - 1268. Is s a composite number?
False
Suppose -3*n + 1504 = -1184. Suppose n = 4*f + 120. Is f prime?
False
Let z = -13 - -38. Suppose -11*q = -6*q - z. Suppose 4*n - 74 = 2*v - 3*v, -v = -q*n + 97. Is n a prime number?
True
Is (-49260)/36*3*-1 a composite number?
True
Suppose 0 = 2*w - v + 14, 0*w + 4*v = -w + 11. Let x be ((-4)/w)/(4/20). Suppose 508 = 6*y - x*y. Is y prime?
False
Suppose 2*c + 0*c = 0, -1758 = -2*s + 5*c. Suppose -24*h = -27*h + s. Is h a composite number?
False
Suppose -p + 1811 = 3*n, 3*p + 5*n - 6815 + 1366 = 0. Is p a composite number?
False
Let p(z) = -1219*z**3 + 2*z**2 - z - 3. Let v be (1/(-2))/(5 + 72/(-16)). Is p(v) composite?
True
Suppose -961 = -q + 4*h, -1910 = -2*q + h - 5*h. Suppose 583 + q = 5*l. Suppose -2*g = -6*g + l. Is g a prime number?
False
Let t = -6549 - -12823. Is t a composite number?
True
Suppose -5*l = -7*k + 11*k - 2871, 2*k + l = 1437. Is k composite?
False
Let s be 2/15 + -3 + 46196/30. Suppose -8*a + s = -215. Is a a composite number?
True
Is 9/(-12) - 41756/(-16) a composite number?
False
Let v be (-4 + 26/6)*3. Suppose 4*x - v = 5*x. Is x/(2*1/(-172)) a prime number?
False
Let j(y) = 611*y - 18. Suppose -4*w - 1 - 11 = -2*u, 4*u - 4*w = 20. Is j(u) a prime number?
False
Let g = 137 - 130. Suppose k + g*k = 3496. Is k a composite number?
True
Let q(y) = y**3 + 10*y**2 + 10*y + 13. Suppose 4*c = 2*c - 18. Let i be q(c). Suppose 0 = 4*l - 4*a - 597 + 89, i*a = l - 127. Is l composite?
False
Let y(s) = 1381*s**3 + 11*s**2 + 2*s - 11. Let u(a) = 460*a**3 + 4*a**2 + a - 4. Let l(t) = 8*u(t) - 3*y(t). Is l(-2) a composite number?
False
Let l(o) = -40*o + 11. Let a be 4/28 + 2908/28. Let f be 212/(-26) - (-16)/a. Is l(f) a prime number?
True
Suppose 37*d - 268510 = 32*d + x, -2*x + 161093 = 3*d. Is d a composite number?
True
Let y = 39 - 37. Suppose -1728 = -4*m - 2*z, -3*z + 4*z = y. Is m a prime number?
True
Let s be (2 - 8)/(6/(-4)). Suppose 0 = -s*z - z. Suppose -4*t + 382 + 270 = z. Is t composite?
False
Let n(g) = -g**2 + 10*g - 18. Let o be n(6). Is (-6)/4 - (-3003)/o prime?
True
Let l(z) be the first derivative of 9*z**3 + 2*z**2 + 3*z - 4. Is l(-4) prime?
True
Is (29414 - -2) + (5 - (-5 + 9)) a composite number?
True
Let m(k) = -6*k - 98. Let d be m(-17). Suppose 5*w - 1001 = 589. Suppose 0*n - w = -n - 3*f, 317 = n + d*f. Is n prime?
False
Let d = -12 - -16. Suppose 0 = a - 2*r - 2853, d*a + 4*r - 11467 = r. Is a a composite number?
True
Let r = -9 - -1. Is (-18)/24 - 1694/r a composite number?
False
Let w = 18 + -14. Suppose -2*j = -3*k - 522, -w*k + 1084 = -0*j + 4*j. Is j a composite number?
True
Let d be (-2*2)/(5/(-685)). Suppose -d = -4*c + 1248. Is c a composite number?
False
Let d be (-3 + 1 - -353)*-1. Let p = -232 - d. Is p a composite number?
True
Let c(j) = -j**3 - j**2 - 2*j - 2. Let v be c(-2). Let w be -2*(-5107)/6 - 7/21. Suppose -v*x + 812 + w = 0. Is x a prime number?
True
Let l be 1*4/(-2 + -2). Let n be (12/4)/l - -8. Suppose n*h = 107 + 498. Is h composite?
True
Suppose -4*y - 8 = 4*m, 2*m + 4*y - 2 = -14. Is 406 - (1 - 8/m) a prime number?
True
Let c(w) be the second derivative of 113*w**3/6 + w**2 + 32*w. Let u be (-1 - 0)/((-1)/3). Is c(u) a prime number?
False
Is (0 - (-2)/(-1)) + 8025 composite?
True
Is (8 - 14) + 1 + 10116/1 prime?
True
Let h(w) = -w + 4. Let q be h(2). Suppose -12 = -q*o + 1282. Is o a prime number?
True
Let w be -6 - (0 + -2) - -2. Is 54/18 - 3796/w composite?
False
Let b(c) = 2070*c**2 + 2*c + 2. Let o be b(-1). Suppose 8*r - 13082 = o. Is r a prime number?
False
Is (-237)/(-2)*(-1978)/(-129) a composite number?
True
Suppose 0 = 4*w - 15 + 3. Is 2/((-6)/9) - (w - 2135) a composite number?
False
Let t = 1506 - 1365. Is t a prime number?
False
Let n be (-12)/(-18) - 1/((-6)/1346). Suppose n = -f + 1736. Is f a composite number?
False
Suppose -7946 = -2*z + 4*n, 4*z - 3*z - 4*n = 3979. Is z composite?
False
Let p(d) = 4*d**3 - 8*d**2 + 6*d - 1. Let k be p(5). Suppose 0*u = u - k. Is u prime?
False
Suppose -5*c + 72 - 2 = 0. Suppose -5*n = -6 - c. Suppose 0*i + i - 148 = -n*o, -5*o - 4*i = -185. Is o a prime number?
True
Let u = -1297 + 2250. Is u a prime number?
True
Let h(p) = p + 2. Let g = 16 - 13. Let f be h(g). Is 843/4 - f/(-20) a prime number?
True
Let q be (-6)/(-3)*1 + 2. Suppose -2*b = -4*m + 8, m - 3 + 1 = -q*b. Suppose -m*u + 2*z - 3*z + 117 = 0, -3*u + 168 = -z. Is u prime?
False
Let g = 447 + 2152. Is g prime?
False
Suppose 4*n - 5479 = 3*b, -5*n - b - 243 = -7087. Is n a composite number?
True
Let a = -1085 + 6286. Is a composite?
True
Let b